mon factor of 47 and 6491593?
47
What is the highest common divisor of 34 and 48144?
34
Calculate the highest common factor of 759 and 12489.
69
What is the highest common factor of 58 and 20967?
29
What is the highest common factor of 130 and 1221970?
10
Calculate the greatest common divisor of 274 and 230434.
274
Calculate the highest common divisor of 4511364 and 22.
22
What is the highest common divisor of 13442 and 301587?
143
Calculate the greatest common factor of 636 and 49926.
318
What is the greatest common divisor of 81886 and 28?
14
What is the greatest common divisor of 8095 and 3?
1
What is the highest common divisor of 396 and 231?
33
What is the highest common divisor of 18 and 73530?
18
Calculate the highest common factor of 44 and 332464.
44
What is the highest common divisor of 6 and 1493238?
6
What is the highest common divisor of 4436 and 5959766?
2218
What is the greatest common divisor of 130 and 16115?
5
What is the greatest common factor of 76428 and 612?
36
Calculate the greatest common divisor of 20451 and 10302.
51
What is the highest common factor of 97272 and 7896?
168
What is the greatest common divisor of 108 and 188712?
36
What is the greatest common divisor of 773 and 12?
1
What is the highest common factor of 362166 and 84?
42
Calculate the highest common divisor of 100499 and 2744.
343
Calculate the highest common divisor of 32155 and 7670.
295
Calculate the highest common factor of 17711 and 49662.
89
What is the highest common factor of 154 and 56630?
14
What is the greatest common divisor of 34486 and 430?
86
Calculate the highest common factor of 20 and 774320.
20
What is the greatest common divisor of 12031 and 15436?
227
What is the greatest common factor of 287878 and 221?
17
What is the greatest common factor of 157645 and 615?
205
What is the greatest common factor of 693 and 1259181?
693
Calculate the highest common divisor of 24689 and 700.
7
What is the greatest common divisor of 280 and 23280?
40
Calculate the highest common divisor of 130 and 54730.
130
Calculate the highest common factor of 44 and 4037.
11
What is the highest common factor of 33312 and 648?
24
What is the highest common divisor of 248 and 7282024?
248
What is the greatest common factor of 298532 and 52?
52
What is the greatest common divisor of 1953 and 19158?
93
Calculate the greatest common factor of 288 and 187488.
288
Calculate the greatest common divisor of 1978 and 7654.
86
Calculate the highest common divisor of 342 and 268641.
171
Calculate the highest common divisor of 2712591 and 441.
441
What is the greatest common factor of 25290 and 9765?
45
Calculate the greatest common factor of 16796 and 1018096.
1292
Calculate the greatest common factor of 341 and 2595599.
31
What is the highest common factor of 644851 and 159?
53
Calculate the greatest common divisor of 1362 and 177.
3
Calculate the highest common factor of 194508 and 36.
36
Calculate the highest common factor of 39875 and 464.
29
Calculate the highest common factor of 3687 and 24.
3
What is the greatest common factor of 11961 and 432?
27
Calculate the greatest common divisor of 12236 and 44.
4
What is the highest common divisor of 20 and 3852740?
20
What is the highest common divisor of 252 and 161?
7
What is the greatest common divisor of 148903 and 1844?
461
Calculate the highest common divisor of 252 and 141204.
84
Calculate the highest common factor of 288112 and 20.
4
What is the greatest common divisor of 3936 and 11136?
96
Calculate the greatest common divisor of 633753 and 9648.
603
What is the highest common factor of 233125 and 40?
5
What is the greatest common factor of 1152 and 120672?
288
What is the greatest common divisor of 21646 and 790?
158
What is the greatest common divisor of 3 and 2269?
1
Calculate the highest common factor of 423 and 374073.
141
Calculate the highest common divisor of 714270 and 1450.
290
Calculate the highest common factor of 920 and 84157.
23
Calculate the greatest common divisor of 143041 and 15963.
313
Calculate the highest common divisor of 307802 and 1496.
374
What is the greatest common factor of 51755 and 55?
55
What is the highest common factor of 64840 and 16?
8
Calculate the highest common factor of 184 and 54096.
184
What is the greatest common factor of 477 and 8433?
9
What is the greatest common factor of 58 and 16791?
29
Calculate the greatest common divisor of 645655 and 15793.
929
Calculate the highest common factor of 85 and 24565.
85
Calculate the highest common factor of 6776 and 244.
4
What is the greatest common factor of 518655 and 2130?
1065
What is the greatest common factor of 2151940 and 304?
76
Calculate the highest common factor of 4154 and 9238.
62
Calculate the highest common factor of 673 and 5.
1
Calculate the highest common divisor of 150936 and 72.
24
What is the highest common factor of 625 and 2753125?
625
Calculate the greatest common divisor of 49476 and 1344.
84
Calculate the greatest common factor of 251715 and 15.
15
Calculate the greatest common factor of 182 and 271349.
13
What is the greatest common factor of 681200 and 15327?
1703
Calculate the highest common divisor of 15 and 2981085.
15
What is the greatest common divisor of 885 and 129870?
15
What is the greatest common factor of 5 and 718430?
5
What is the greatest common factor of 8 and 2941456?
8
What is the highest common factor of 13905 and 170235?
135
Calculate the highest common factor of 99462 and 43566.
822
Calculate the highest common factor of 508 and 5647563.
127
What is the greatest common factor of 410690 and 70?
70
What is the highest common divisor of 5901 and 42?
21
What is the highest common factor of 11424 and 1666?
238
Calculate the greatest common factor of 2664 and 171162.
666
Calculate the highest common factor of 7 and 8813.
7
What is the greatest common divisor of 1590 and 1420930?
530
Calculate the greatest common divisor of 432 and 3353832.
216
Calculate the greatest common factor of 66 and 37218.
6
Calculate the greatest common divisor of 1445 and 915263.
289
Calculate the highest common factor of 49 and 58373.
7
Calculate the highest common factor of 10465 and 451789.
299
Calculate the greatest common factor of 950 and 17366.
38
What is the highest common factor of 24718 and 272?
34
Calculate the greatest common divisor of 639 and 41322.
213
Calculate the greatest common divisor of 1954924 and 454.
454
What is the greatest common factor of 23 and 100004?
23
What is the greatest common divisor of 2286 and 15264?
18
What is the greatest common factor of 1248 and 4434?
6
What is the highest common factor of 9376 and 8512?
32
What is the highest common divisor of 1600 and 15640?
40
What is the greatest common divisor of 142 and 621?
1
What is the highest common factor of 176 and 10868?
44
Calculate the greatest common divisor of 433 and 43.
1
What is the greatest common divisor of 226 and 169387?
113
Calculate the highest common divisor of 61 and 118279.
61
Calculate the greatest common divisor of 115556 and 224.
28
What is the greatest common factor of 992380 and 4720?
1180
What is the highest common factor of 71664 and 4704?
48
Calculate the highest common factor of 34408 and 952.
136
What is the greatest common factor of 25 and 973?
1
Calculate the greatest common factor of 499 and 11.
1
What is the highest common divisor of 190 and 52402?
38
What is the highest common divisor of 209 and 21983?
19
Calculate the highest common divisor of 1566 and 2790612.
1566
Calculate the greatest common divisor of 11557 and 182.
91
What is the highest common divisor of 224 and 73696?
224
Calculate the highest common divisor of 142 and 182612.
142
Calculate the greatest common divisor of 86844 and 276.
12
Calculate the greatest common factor of 105 and 260.
5
Calculate the greatest common divisor of 1869 and 2436.
21
Calculate the greatest common divisor of 5770 and 12.
2
What is the highest common factor of 737 and 30351?
67
Calculate the highest common factor of 4 and 8761.
1
What is the highest common divisor of 6210 and 252?
18
What is the highest common divisor of 398 and 1158976?
398
What is the greatest common divisor of 11424 and 319158?
714
Calculate the highest common factor of 827124 and 36.
1